e 4, what is 32132 - -2101012001?
2101110133
In base 10, what is 940862598 + 5?
940862603
In base 5, what is 11114021104 + -23?
11114021031
In base 5, what is -4 + -13040041404?
-13040041413
In base 9, what is -24858828 + 0?
-24858828
In base 14, what is 2 + -749679?
-749677
In base 15, what is 33338ec - -4?
3333901
In base 13, what is -10c8c60a + -3?
-10c8c610
In base 4, what is 110320231021 + -20?
110320231001
In base 6, what is -5 + 140112511?
140112502
In base 3, what is 2020121101211001002 - 0?
2020121101211001002
In base 12, what is -2a227725 + 6?
-2a22771b
In base 13, what is 7249c5 + 6?
7249cb
In base 4, what is 212220 + 121101?
333321
In base 16, what is -4f + -6f073?
-6f0c2
In base 9, what is 42701637 - 18?
42701618
In base 9, what is 273205 + 714?
274020
In base 15, what is 69 - -31682?
316eb
In base 10, what is 2262 - -30?
2292
In base 9, what is -15 + -32340843?
-32340858
In base 15, what is 44a + 81916?
81d61
In base 6, what is -1 - -22044000?
22043555
In base 9, what is -3510 - -104483?
100873
In base 4, what is -1132023133 - 33?
-1132023232
In base 6, what is -455 + -43455210?
-43500105
In base 14, what is -18bd - 248?
-1b27
In base 2, what is -100 - 111100010001111110111110010?
-111100010001111110111110110
In base 6, what is -20 + -214242?
-214302
In base 8, what is -1353 + 4240?
2665
In base 14, what is 3 + -ab36021?
-ab3601c
In base 16, what is -4 - 352f19?
-352f1d
In base 13, what is -46a + -48b87?
-49324
In base 7, what is -142405 + -112?
-142520
In base 8, what is 41 + 4021315?
4021356
In base 10, what is 1 - 2333897?
-2333896
In base 2, what is -10111010111010111 + -11111101000?
-10111110110111111
In base 5, what is -3104320 + -234?
-3110104
In base 10, what is 41208473 - 2?
41208471
In base 5, what is -2 - 22214122040?
-22214122042
In base 7, what is 23 - 361442052?
-361442026
In base 13, what is -29 - 8969c?
-896c8
In base 9, what is 27 - 616112?
-616074
In base 12, what is 71bba6 + 1b2?
720198
In base 4, what is -1200203312021 - 3?
-1200203312030
In base 7, what is -2 + -513135155?
-513135160
In base 11, what is 1 + 54072985?
54072986
In base 8, what is 214 + 1473607?
1474023
In base 11, what is 23324843 - 2?
23324841
In base 7, what is -26042220101 - -1?
-26042220100
In base 15, what is 28515 + 9?
2851e
In base 4, what is -12121 - -103202020?
103123233
In base 13, what is -7a + -56c6b?
-57018
In base 7, what is 3154 + 1604063?
1610250
In base 15, what is -4 + 5e4b3e?
5e4b3a
In base 3, what is 11000012100 + 1022?
11000020122
In base 3, what is 1 + -1201110111020211?
-1201110111020210
In base 12, what is 3b - -3553511?
3553550
In base 2, what is 10011110010111000100010 + -1000100?
10011110010110111011110
In base 9, what is -47825757 + 2?
-47825755
In base 12, what is 7844ab - 1?
7844aa
In base 12, what is 89 + -363b91a?
-363b851
In base 3, what is -1020002020201 + 21010?
-1020001222121
In base 12, what is 11277757 + -2?
11277755
In base 15, what is 221 - 1bb73?
-1b952
In base 6, what is 12454043042 - 3?
12454043035
In base 4, what is 231101030 - -1213?
231102303
In base 4, what is 13201201 - -1120030?
20321231
In base 12, what is -19 + 22182?
22165
In base 10, what is -34910 + 1049?
-33861
In base 14, what is 2da0c66 - 6?
2da0c60
In base 11, what is 1a - -200902?
200921
In base 2, what is 1010011 - -10000001010110011?
10000001100000110
In base 8, what is -14 + 22025471?
22025455
In base 15, what is -7 + -596a6d?
-596a75
In base 9, what is -6132085 - -1?
-6132084
In base 14, what is -3d + -72ba63?
-72baa2
In base 3, what is 20202112000 + 11210?
20202200210
In base 2, what is -10000110111000001 + 10000101011?
-10000100110010110
In base 15, what is 3 - -25ee864?
25ee867
In base 6, what is 1050235013 + 5?
1050235022
In base 15, what is -4b1986 + 2?
-4b1984
In base 6, what is -2553 - -1000151?
553154
In base 13, what is -a332 - 2463?
-c795
In base 7, what is -131 + 10426363?
10426232
In base 7, what is 1 - 5601104610?
-5601104606
In base 11, what is -1844780 - -1?
-184477a
In base 16, what is 1fb5ae5 - 3?
1fb5ae2
In base 7, what is -35 + 141641604?
141641536
In base 5, what is 30003 + 323001?
403004
In base 3, what is 1111211 + -1002200210?
-1001011222
In base 11, what is -3509 + 33754?
30246
In base 15, what is 1630 - -10a52?
12182
In base 5, what is 10442432 + 1342?
10444324
In base 16, what is 14a - -41fb?
4345
In base 8, what is -1 + 15504665?
15504664
In base 15, what is -657 - 1152?
-17a9
In base 14, what is 458227 + 163?
45838a
In base 14, what is -16 - 11ba8?
-11bc0
In base 2, what is 111100100 + -1001000010100100100?
-1001000001101000000
In base 9, what is 82 - -117328?
117421
In base 13, what is -436834137 + -1?
-436834138
In base 4, what is 12 + 13103113010110?
13103113010122
In base 3, what is -2110 - 12200012222021?
-12200020001201
In base 16, what is 0 + -2ea6c0?
-2ea6c0
In base 13, what is -25 + -715770?
-715795
In base 15, what is 29ec - -4d4?
2ed1
In base 14, what is -6 - 453c75?
-453c7b
In base 10, what is 8950 + 402?
9352
In base 10, what is 71 - -45530?
45601
In base 6, what is -2101405 + -2453?
-2104302
In base 2, what is 110 + 1000000101011110100?
1000000101011111010
In base 5, what is 101 - -22123224?
22123330
In base 4, what is 2 - -221100210110?
221100210112
In base 2, what is 101000000010010 + -11011000?
100111100111010
In base 13, what is 3148c00 + 12?
3148c12
In base 4, what is -1201232220 - 13?
-1201232233
In base 5, what is -12332 - -121044?
103212
In base 16, what is 60be4c - -4?
60be50
In base 11, what is -2739355 + -25?
-273937a
In base 9, what is -3204 + 117048?
113744
In base 16, what is 5443d - 60a?
53e33
In base 4, what is 21 - -20030000?
20030021
In base 16, what is -2b23330 + -2?
-2b23332
In base 5, what is 3101131 + 301?
3101432
In base 11, what is -444 + 75470?
75027
In base 5, what is 141023322330 + 1?
141023322331
In base 4, what is 21 - 32121200002?
-32121133321
In base 2, what is -11110101100011111 - 1000110?
-11110101101100101
In base 11, what is -826 + 3913?
3098
In base 7, what is -33542023 + 4?
-33542016
In base 15, what is -107 + -e143?
-e24a
In base 16, what is 154c7 + 81?
15548
In base 8, what is 2 + 220116242?
220116244
In base 14, what is -10534a + -1bb?
-105527
In base 15, what is -5 + 55bc9da?
55bc9d5
In base 11, what is -14 + 1421165?
1421151
In base 8, what is 1253 + 71030?
72303
In base 2, what is 110001111101 - -1100011110111?
10010101110100
In base 10, what is -335123057 + 1?
-335123056
In base 14, what is -35d585 - 0?
-35d585
In base 5, what is -210444434100 - 10?
-210444434110
In base 13, what is 2 - ab0c27?
-ab0c25
In base 11, what is 7 - 275a83?
-275a77
In base 11, what is 28 + 3332268?
3332295
In base 3, what is 0 + 112002021102121?
112002021102121
In base 4, what is 2123 - -213230132?
213232321
In base 7, what is -3136404 + -21?
-3136425
In base 4, what is -13321012 + -2102?
-13323120
In base 13, what is 0 - 83c3c1?
-83c3c1
In base 12, what is -2430975 + -4?
-2430979
In base 14, what is -40d7 + -77d?
-4876
In base 14, what is -5573 + 3c5?
-518c
In base 6, what is -1 + 14402141?
14402140
In base 8, what is -5 - 2602351741?
-2602351746
In base 4, what is 233 - 213221120130?
-213221113231
In base 14, what is 3d666 + -2d?
3d637
In base 11, what is -6a + -1698a8?
-169967
In base 6, what is -530101 + -1452?
-531553
In base 2, what is -10100000100001001100101 - 111?
-10100000100001001101100
In base 11, what is -487 - -817?
340
In base 7, what is 53 - -1064126?
1064212
In base 6, what is 20144 - -35241?
55425
In base 14, what is 34 - 46ca5?
-46c71
In base 4, what is 1332113310 + -233?
1332113011
In base 15, what is -58be11 + -1?
-58be12
In base 2, what is -1001111101001110001110010 + 100?
-1001111101001110001101110
In base 11, what is a83508 - -1?
a83509
In base 5, what is 3212020 + -4204?
3202311
In base 16, what is -64 - c9512?
-c9576
In base 14, what is -c4dd081 + 3?
-c4dd07c
In base 7, what is 6 - -16505423?
16505432
In base 10, what is -236841 - 520?
-237361
In base 15, what is -45 + -2b131?
-2b176
In base 16, what is 385ed1 + -3?
385ece
In base 14, what is -91c - -317c?
2660
In base 4, what is -10033 + -1022122?
-1032221
In base 3, what is 100010210020100210 - -10?
100010210020100220
In base 10, what is 698220 - -81?
698301
In base 10, what is -107306 + -